ase 9?
-22862
10010000011 (base 2) to base 12
803
Convert 101114 (base 6) to base 2.
1111101100110
-1289 (base 10) to base 8
-2411
Convert -15a4b (base 12) to base 3.
-1120100112
What is 10000101111001 (base 2) in base 16?
2179
What is -111200 (base 4) in base 8?
-2540
Convert 1282 (base 10) to base 15.
5a7
What is -2103 (base 6) in base 2?
-111010111
Convert 213 (base 14) to base 5.
3114
What is -51584 (base 9) in base 4?
-20103133
2034032 (base 5) to base 7
200040
What is -1006 (base 8) in base 10?
-518
Convert -1111101101011 (base 2) to base 15.
-25b3
What is 102011 (base 3) in base 12?
211
-221203 (base 4) to base 8
-5143
What is -214 (base 12) in base 8?
-460
Convert -9c9b (base 14) to base 5.
-1332220
What is 11405 (base 6) in base 4?
121331
Convert -21201121 (base 3) to base 13.
-2743
Convert 10b08 (base 12) to base 8.
53470
Convert -36 (base 15) to base 2.
-110011
-11311 (base 5) to base 2
-1100111111
What is 190 (base 14) in base 12?
22a
-1210120 (base 3) to base 6
-10023
Convert 413223 (base 6) to base 2.
1000000101101111
What is 2233122 (base 4) in base 10?
11226
-41232 (base 9) to base 10
-27164
-126 (base 14) to base 10
-230
What is 10111010001000 (base 2) in base 10?
11912
Convert 6213 (base 10) to base 5.
144323
2256a (base 12) to base 6
551414
Convert -43c2 (base 14) to base 4.
-2313112
What is -44622 (base 8) in base 6?
-223110
Convert -11532 (base 6) to base 16.
-6b0
-4473 (base 8) to base 16
-93b
121473 (base 8) to base 5
2314122
300 (base 6) to base 14
7a
Convert 415b (base 14) to base 3.
120102210
121303 (base 5) to base 3
20021120
What is 247c (base 16) in base 8?
22174
Convert -220 (base 10) to base 6.
-1004
Convert -66b (base 13) to base 11.
-913
Convert 3577 (base 13) to base 5.
220114
1308 (base 9) to base 6
4312
Convert -13223 (base 4) to base 10.
-491
Convert -445 (base 6) to base 15.
-b8
Convert 6000 (base 7) to base 14.
a70
31565 (base 11) to base 9
70003
Convert 29527 (base 10) to base 7.
152041
-461 (base 10) to base 15
-20b
What is 10177 (base 8) in base 9?
5712
83a4 (base 16) to base 10
33700
What is -112232 (base 4) in base 11?
-1102
What is 51 (base 16) in base 14?
5b
-284 (base 12) to base 9
-471
Convert 303 (base 14) to base 3.
210220
What is -24222 (base 5) in base 11?
-13a8
-133131 (base 6) to base 3
-121222001
-3644 (base 7) to base 14
-6cb
Convert -17336 (base 8) to base 2.
-1111011011110
Convert -8a0a (base 13) to base 11.
-13534
What is -100333 (base 4) in base 5?
-13322
What is -38 (base 11) in base 16?
-29
What is 663 (base 7) in base 9?
416
Convert -23304 (base 6) to base 16.
-d18
11324 (base 6) to base 12
b44
What is 1374 (base 12) in base 15?
9ed
What is 10110101101 (base 2) in base 13?
87a
Convert -1001312 (base 4) to base 7.
-15200
What is 16b23 (base 13) in base 9?
65758
Convert 28 (base 10) to base 3.
1001
-565 (base 8) to base 4
-11311
What is -61417 (base 8) in base 14?
-9355
Convert 29a2 (base 12) to base 8.
11412
33651 (base 7) to base 11
6484
386 (base 15) to base 5
11201
Convert 5dc7 (base 16) to base 9.
35834
-130133 (base 4) to base 14
-943
Convert -977 (base 10) to base 11.
-809
-48 (base 14) to base 5
-224
What is 21333313 (base 4) in base 8?
117767
Convert 110363 (base 9) to base 5.
4102120
-1110102220 (base 3) to base 14
-a69a
-27c6 (base 14) to base 2
-1101101111010
What is -20f (base 16) in base 7?
-1352
Convert -100000000100110 (base 2) to base 12.
-9606
Convert 44000 (base 5) to base 12.
18a0
Convert 2749 (base 10) to base 13.
1336
Convert -a16 (base 16) to base 5.
-40312
Convert 126613 (base 7) to base 6.
302551
What is 315 (base 6) in base 8?
167
22341 (base 7) to base 12
3340
What is -379 (base 11) in base 3?
-121122
5ca (base 16) to base 14
77c
What is 1101101 (base 3) in base 12?
701
What is 489 (base 11) in base 13?
359
Convert 26 (base 10) to base 13.
20
1d (base 15) to base 9
31
Convert -84c (base 14) to base 7.
-4525
202222111 (base 3) to base 14
5807
Convert -1200212 (base 4) to base 7.
-24011
1830 (base 11) to base 10
2332
Convert 40 (base 9) to base 15.
26
What is -2235 (base 6) in base 7?
-1352
What is 11010100000101 (base 2) in base 6?
142501
What is -1233 (base 7) in base 10?
-465
21b (base 16) to base 10
539
Convert -393 (base 15) to base 14.
-421
What is 242 (base 10) in base 16?
f2
What is 1335 (base 6) in base 4?
11123
-1026 (base 15) to base 9
-4610
Convert -2016 (base 14) to base 2.
-1010110000100
-799 (base 14) to base 13
-8bc
13788 (base 9) to base 6
111255
What is 3123 (base 11) in base 14?
1719
What is -13 (base 4) in base 15?
-7
What is 13203 (base 5) in base 9?
1400
11148 (base 13) to base 7
156225
1423141 (base 5) to base 10
29796
Convert -3044 (base 7) to base 6.
-4525
What is -11a (base 16) in base 6?
-1150
What is -44034 (base 6) in base 13?
-29bc
Convert b48a (base 13) to base 9.
37210
-100111100011 (base 2) to base 16
-9e3
Convert -10100110 (base 2) to base 6.
-434
11101000111 (base 2) to base 10
1863
Convert -4044 (base 6) to base 10.
-892
What is -1e2c (base 16) in base 7?
-31343
-6705 (base 13) to base 8
-34042
What is 1573 (base 10) in base 12?
ab1
Convert -3201 (base 4) to base 13.
-144
-fe5 (base 16) to base 7
-14602
Convert 1240340 (base 5) to base 6.
305142
What is -2692 (base 13) in base 7?
-22054
Convert -5a30 (base 11) to base 16.
-1eda
What is 24100 (base 5) in base 12?
103b
Convert 20804 (base 9) to base 16.
35ce
What is 50 (base 8) in base 14?
2c
Convert -2051 (base 8) to base 10.
-1065
Convert -1845 (base 13) to base 5.
-103411
101020011 (base 3) to base 8
16440
76 (base 15) to base 9
133
-134313 (base 5) to base 13
-2706
What is -2439 (base 12) in base 10?
-4077
d126 (base 16) to base 3
2201110001
-212322 (base 4) to base 5
-34430
What is -1215 (base 8) in base 5?
-10103
What is 111211 (base 3) in base 8?
565
Convert 10001010 (base 2) to base 6.
350
Convert -681 (base 10) to base 11.
-56a
What is -210103 (base 7) in base 2?
-1000110011100011
221 (base 14) to base 8
645
What is 271 (base 12) in base 6?
1421
-1022200220 (base 3) to base 10
-26025
-888 (base 11) to base 4
-100220
What is 10044 (base 5) in base 3?
220001
What is 143 (base 14) in base 9?
313
Convert 1012010 (base 3) to base 15.
3cc
What is -34c (base 16) in base 13?
-4cc
Convert 571d (base 14) to base 9.
22658
2206 (base 12) to base 7
13635
What is -201210 (base 3) in base 4?
-20112
What is 4998 (base 12) in base 16?
2084
What is -1255 (base 8) in base 14?
-36d
What is 17 (base 9) in base 5?
31
1402 (base 6) to base 15
192
What is -124aa (base 12) in base 11?
-17785
Convert -1874 (base 11) to base 4.
-211030
Convert 2004 (base 6) to base 14.
232
Convert -1000010110 (base 2) to base 15.
-259
What is 132131 (base 4) in base 10?
1949
65086 (base 9) to base 5
2334324
What is -4121 (base 7) in base 11?
-1096
6686 (base 9) to base 16
134a
What is -1224 (base 5) in base 14?
-d7
What is 110011010 (base 2) in base 7?
1124
Convert 1055 (base 6) to base 8.
373
What is b9c (base 13) in base 6?
13112
Convert -3d47 (base 14) to base 2.
-10101001011011
Convert 3321 (base 6) to base 9.
1044
-560 (base 13) to base 6
-4135
Convert -293 (base 16) to base 15.
-2de
Convert -333 (base 9) to base 5.
-2043
Convert -8268 (base 12) to base 11.
-a732
Convert 1010000001110101 (base 2) to base 16.
a075
2203411 (base 5) to base 14
dbad
Convert -5700 (base 10) to base 7.
-22422
Convert 127 (base 9) to base 3.
10221
Convert -2215 (base 6) to base 15.
-245
Convert 2a06 (base 11) to base 14.
15b0
1c241 (base 14) to base 16
11871
Convert -2407 (base 14) to base 8.
-14207
What is -2305 (base 8) in base 10?
-1221
Convert 7136 (base 14) to base 16.
4bfc
Convert -11112000 (base 3) to base 4.
-303132
What is 1e60 (base 15) in base 10?
6615
20404 (base 7) to base 5
130002
-1816 (base 10) to base 4
-130120
Convert 401 (base 16) to base 12.
715
-52 (base 7) to base 14
-29
-134240 (base 6) to base 10
-12624
1123220 (base 4) to base 3
22001012
-2361 (base 7) to base 3
-1012110
-1530 (base 6) to base 12
-2a6
-66046 (base 8) to base 5
-1341221
What is 1c597 (base 13) in base 10?
55894
What is -110202 (base 3) in base 7?
-1001
-274 (base 11) to base 9
-388
1110110 (base 3) to base 10
1065
-d90 (base 15) to base 6
-22100
Convert 39b9 (base 13) to base 9.
12302
Convert 398 (base 12) to base 5.
4143
741 (base 1